-2
Let u(g) = 2*g + 8. Determine u(16).
40
Let t(p) = -14*p - 136. Give t(-10).
4
Let r(a) = -a**2 - 10*a - 17. Calculate r(-8).
-1
Let x(z) = z**3 + 16*z**2 - 15*z + 13. Calculate x(-17).
-21
Let r(y) = y**3 + 5*y**2 - 8*y - 11. Give r(-6).
1
Let z(i) = -i**2 - i - 24. What is z(0)?
-24
Let m(u) = -u**3 + 11*u**2 + 12*u - 21. Calculate m(12).
-21
Let p(q) = q + 15. Give p(-8).
7
Let s(q) = -9*q - 170. Give s(-15).
-35
Let k(t) = 3*t - 72. What is k(21)?
-9
Let g(d) = -d**2 - 29*d + 38. Calculate g(-30).
8
Let a(h) = -h**3 + 21*h**2 - 20*h + 4. Determine a(20).
4
Let w(n) = 13*n - 1. Determine w(-1).
-14
Let m(c) = -c**3 + 11*c**2 - 12*c - 9. What is m(10)?
-29
Let a(q) = -q - 3. Calculate a(-4).
1
Let j(l) = 5*l**2 + 338*l - 135. Calculate j(-68).
1
Let r(c) = 2*c - 47. What is r(21)?
-5
Let z(g) = g**3 - g - 3. Give z(0).
-3
Let j(p) = 8*p - 1. Give j(-1).
-9
Let t(w) = -29*w**2 - 10*w + 12. What is t(2)?
-124
Let y(k) = -k**2 + 3*k - 1. Determine y(3).
-1
Let f(s) = -6*s - 2. Calculate f(-4).
22
Let g(q) = 3*q**2 - 62*q + 51. Calculate g(20).
11
Let r(m) = -11*m - 60. Calculate r(-5).
-5
Let p(g) = g**2 - 7*g - 4. Determine p(4).
-16
Let t(x) = -x**3 - 5*x**2 + 3*x - 3. Determine t(3).
-66
Let q(t) = -t - 16. Give q(-8).
-8
Let h(b) = -b**2 + 15*b - 53. Determine h(7).
3
Let g(y) = -3*y + 11. Determine g(4).
-1
Let k(w) = -w - 34. Determine k(-21).
-13
Let m(o) = -o. Calculate m(10).
-10
Let u(k) = -k**3 + 8*k**2 - 14*k + 1. Calculate u(6).
-11
Let o(p) = p**3 + 7*p**2 + 7*p + 8. Calculate o(-6).
2
Let o(q) = q**3 + 11*q**2 + 26. Determine o(-10).
126
Let f(d) = -d**3 - 5*d**2 - d + 6. Determine f(-5).
11
Let z(f) = f**2 + 10*f + 22. What is z(-8)?
6
Let g(v) = v**2 + 31*v - 88. What is g(-34)?
14
Let h(b) = 12*b**2 + 4*b + 4. Calculate h(2).
60
Let z(t) = t**2 + 21*t + 46. Determine z(-18).
-8
Let f(w) = w**3 - w - 72. Determine f(0).
-72
Let s(c) = -c**3 - 8*c**2 - 6*c + 18. Calculate s(-7).
11
Let z(u) = u**2 - 15*u + 33. Determine z(12).
-3
Let m(l) = -l**3 + 14*l**2 + 14. Give m(14).
14
Let u(f) = -2*f**3 - 16*f**2 + 6*f + 11. Give u(-7).
-129
Let i(d) = -13*d + 5. Give i(3).
-34
Let o(p) = -p - 15. What is o(-4)?
-11
Let u(h) = 2*h**3 - 4*h**2 - 15*h. Determine u(-2).
-2
Let r(z) = -2*z - 21. Calculate r(5).
-31
Let w(l) = 13*l**3 - l**2 + 3*l - 3. Calculate w(1).
12
Let u(z) = -10*z + 4. Determine u(4).
-36
Let a(m) = 3*m - 12. Determine a(-11).
-45
Let q(z) = 2*z**2 + 22*z + 1. Give q(-11).
1
Let c(g) = -g**3 + 11*g**2 - 8*g + 5. Calculate c(10).
25
Let y(l) = 3*l**2 + 95*l + 155. Determine y(-30).
5
Let t(q) = -q + 6. Give t(16).
-10
Let n(t) = 9*t - 51. Determine n(5).
-6
Let y(j) = 21*j. Give y(-2).
-42
Let y(n) = 25*n + 13. Calculate y(-5).
-112
Let j(m) = 4*m + 13. What is j(-9)?
-23
Let x(o) = o**2 + 7*o + 20. What is x(-6)?
14
Let j(m) = -m**3 - 3*m**2 - 9*m - 28. Determine j(-3).
-1
Let z(y) = -3*y - 45. Calculate z(-12).
-9
Let a(u) = u**2 + 4*u - 6. Calculate a(4).
26
Let x(y) = y - 15. Calculate x(10).
-5
Let q(t) = 57*t + 693. Determine q(-12).
9
Let x(r) = r**2 + 18*r + 42. Calculate x(-13).
-23
Let b(o) = -4*o + 1. Calculate b(5).
-19
Let i(q) = -4*q**2 + 3*q + 3. What is i(-2)?
-19
Let q(y) = 10*y + 5. Calculate q(-2).
-15
Let f(c) = -c**3 - 10*c**2 + 9*c - 12. Calculate f(-11).
10
Let h(p) = -p**3 + 22*p**2 + 23*p + 15. Determine h(23).
15
Let c(w) = w**2 - 4*w + 6. Give c(4).
6
Let q(w) = -35*w + 4. What is q(-3)?
109
Let j(z) = -z**2 + 29*z + 89. Determine j(32).
-7
Let q(s) = -12*s + 7. Determine q(2).
-17
Let q(c) = -c**2 - 3*c + 17. Give q(-7).
-11
Let p(i) = 4*i - 4. What is p(-7)?
-32
Let m(s) = s + 47. What is m(-3)?
44
Let i(k) = k**3 - 2*k**2 - 6*k - 8. Determine i(4).
0
Let f(c) = -c**3 + 11*c**2 - 26*c - 10. Give f(7).
4
Let d(a) = 9*a**2 + 3*a + 1. What is d(-3)?
73
Let c(j) = j - 2. Give c(7).
5
Let a(r) = r**2 + 17*r + 12. Calculate a(-17).
12
Let v(k) = -k**2 + 48*k - 577. Calculate v(26).
-5
Let c(b) = -5*b**2 + 6*b + 7. What is c(-1)?
-4
Let h(j) = j**2 - 6*j - 18. What is h(8)?
-2
Let r(i) = 6*i - 34. What is r(5)?
-4
Let q(w) = 2*w**3 - w**2 - 17*w + 4. Calculate q(3).
-2
Let t(u) = -32*u + 91. Calculate t(3).
-5
Let k(p) = p**2 + 12*p + 14. Give k(-3).
-13
Let i(q) = -6*q - 6. Calculate i(3).
-24
Let g(p) = -2*p + 2. Determine g(3).
-4
Let y(x) = 43*x + 568. What is y(-13)?
9
Let b(j) = -j**3 + 7*j**2 + 5*j + 1. Give b(8).
-23
Let w(j) = 4*j**2 + 34*j + 31. Calculate w(-8).
15
Let r(n) = -10*n - 55. What is r(-5)?
-5
Let g(p) = -70*p + 63. What is g(1)?
-7
Let p(v) = -v**2 - 16*v + 23. Determine p(-17).
6
Let b(c) = -32*c**2 - 2*c - 2. Determine b(-1).
-32
Let n(s) = 2*s**2 + 17*s - 109. Calculate n(-13).
8
Let w(i) = -12*i**3 - i**2 - i. Give w(-1).
12
Let j(i) = 2*i**3 + 3*i**2 - 12*i - 6. Give j(-3).
3
Let w(q) = -q**3 + 11*q**2 - 14*q - 1. Calculate w(10).
-41
Let z(u) = -3*u**2 + 49*u + 50. Determine z(17).
16
Let q(k) = -5*k + 12. What is q(-3)?
27
Let s(j) = j**3 - 5*j**2 + 3*j + 2. Calculate s(2).
-4
Let j(t) = -6*t - 8. Give j(5).
-38
Let h(f) = -18*f**2 + 2*f + 3. Give h(-1).
-17
Let d(y) = 6*y**2 - 76*y - 34. Give d(13).
-8
Let t(d) = d**3 + 9*d**2 + 10*d + 4. Calculate t(-7).
32
Let f(y) = y**3 - y**2 + y - 4. What is f(2)?
2
Let h(q) = 2*q + 5. Calculate h(0).
5
Let i(n) = n + 7. Give i(-7).
0
Let u(m) = -m**2 - 8*m + 78. Determine u(-23).
-267
Let b(n) = n**3 + 15*n**2 + 14*n + 7. Give b(-14).
7
Let i(n) = 2*n - 33. Give i(8).
-17
Let o(m) = -m**3 - 2*m**2 - 36*m - 117. Give o(-3).
0
Let g(y) = 2*y + 16. Determine g(-14).
-12
Let n(k) = 69*k - 542. Calculate n(8).
10
Let p(z) = z**2 - 26*z + 12. Give p(25).
-13
Let v(b) = b**2 - 11*b + 18. Calculate v(10).
8
Let w(a) = -8*a**2 + 3*a + 2. Determine w(-1).
-9
Let l(n) = n**2 - 3*n - 12. Determine l(-3).
6
Let u(c) = -2*c**2 - c + 7. Determine u(3).
-14
Let c(x) = -53*x - 156. Calculate c(-3).
3
Let u(s) = s**2 + 10*s + 11. Calculate u(-9).
2
Let l(d) = -11*d + 386. Give l(34).
12
Let q(j) = j**2 - 16*j - 13. Calculate q(16).
-13
Let x(p) = p**2 + p - 5. What is x(0)?
-5
Let x(o) = -o**2 - 22*o + 109. What is x(4)?
5
Let c(u) = u**3 - 13*u**2 + 15*u - 26. Calculate c(12).
10
Let z(w) = 3*w**2 - 11*w - 10. Determine z(6).
32
Let t(a) = 5*a + 2. Calculate t(-3).
-13
Let m(q) = q**2 + 4*q - 4. Calculate m(-5).
1
Let s(a) = -a + 33. Give s(11).
22
Let i(g) = -23*g - 53. Give i(-2).
-7
Let r(w) = 17*w - 64. What is r(4)?
4
Let c(v) = -v**2 - 20*v + 36. What is c(-22)?
-8
Let i(w) = -w**3 - 24*w**2 - 108*w - 4. What is i(-6)?
-4
Let g(m) = -m**2 - 4*m - 7. Give g(-4).
-7
Let y(p) = -p - 7. Calculate y(9).
-16
Let p(g) = g**2 + 5*g - 90. Calculate p(-12).
-6
Let l(j) = -j**2 - 5*j + 1. Calculate l(-5).
1
Let l(d) = 27*d - 196. Give l(7).
-7
Let j(b) = b**3 + 15*b**2 + 12*b - 30. What is j(-14)?
-2
Let i(b) = -3*b - 1. What is i(-15)?
44
Let o(w) = -w**2 + w + 2. Calculate o(3).
-4
Let b(j) = j**2 + 7*j - 4. What is b(-8)?
4
Let o(f) = f**3 - 25*f**2 - 3*f + 104. Give o(25).
29
Let m(h) = -6*h**2 - 3*h + 2. Calculate m(2).
-28
Let z(p) = -p**2 - 10*p + 113. Calculate z(-17).
-6
Let f(x) = -x**3 + 36*x + 5. What is f(6)?
5
Let j(r) = r**3 - 6*r**2 + 3*r - 6. Give j(4).
-26
Let s(b) = 35*b**3 + b**2 - 1. Determine s(1).
35
Let v(q) = q**2 - 17*q + 21. Determine v(8).
-51
Let f(p) = -3*p**2 - 13*p + 8. Give f(-6).
-22
Let i(k) = -k**3 + 14*k**2 - k + 8. Calculate i(14).
-6
Let x(l) = l**2 + 2*l - 31. Calculate x(-7).
4
Let d(s) = -s**3 - 14*s**2 + 31. What is d(-14)?
31
Let f(x) = -x**3 + 20*x**2 - 17*x - 45. Calculate f(19).
-7
Let f(r) = -6*r. What is f(12)?
-72
Let c(s) = s**3 + 12*s**2 + 18*s - 31. What is c(-10)?
-11
Let h(u) = 6*u + 55. Determine h(-9).
1
Let n(g) = -g. Calculate n(13).
-13
Let n(y) = -y + 35. Give n(-16).
51
Let x(m) = -7*m + 17. Calculate x(-7).
66
Let b(r) = -r**3 - 34*r**2 + 70*r - 65. Give b(-36).
7
Let m(w) = -23*w - 279. What is m(-12)?
-3
Let f(j) = j**3 - 2*j**2 - 15*j - 9. Calculate f(5).
-9
Let v(i) = -5*i**3 - 4*i**2 - 3*i + 1. Give v(-2).
31
Let j(k) = 4*k - 74. Determine j(21).
10
Let n(f) = f**2 - 12*f - 40. Determine n(11).
-51
Let n(p) = -p**3 + 7*p**2 + 6*p - 44. Give n(8).
-60
Let h(r) = r + 6. Determine h(0).
6
Let i(n) = 3*n**2 - 14. Calculate i(-7).
133
Let k(r) = -r**2 - r + 20. What is k(0)?
20
